39763222?
2, 17, 1451, 2833
List the prime factors of 36673090.
2, 5, 677, 5417
List the prime factors of 173301973.
13, 281, 47441
List the prime factors of 102153770.
2, 5, 10215377
List the prime factors of 195975946.
2, 73, 359, 3739
List the prime factors of 21534902.
2, 10767451
What are the prime factors of 107583613?
433, 248461
What are the prime factors of 1073530271?
11, 1229, 7219
What are the prime factors of 797427980?
2, 5, 71, 151, 3719
What are the prime factors of 862444595?
5, 17, 47, 59, 3659
What are the prime factors of 629753466?
2, 3, 104958911
What are the prime factors of 7727317?
13, 47, 12647
What are the prime factors of 42025716?
2, 3, 151, 859
List the prime factors of 5932154168.
2, 2357, 314603
What are the prime factors of 3785369621?
11, 344124511
List the prime factors of 1135142513.
17, 66773089
What are the prime factors of 36810238?
2, 197, 93427
What are the prime factors of 51491955?
3, 5, 59, 83, 701
What are the prime factors of 953011950?
2, 3, 5, 11, 47, 12289
What are the prime factors of 109066012?
2, 11, 225343
What are the prime factors of 637886744?
2, 11, 97, 74729
What are the prime factors of 3019962273?
3, 13999, 71909
What are the prime factors of 5909917?
13, 454609
What are the prime factors of 403935054?
2, 3, 67322509
What are the prime factors of 3771526494?
2, 3, 628587749
List the prime factors of 27829946.
2, 19, 59, 12413
What are the prime factors of 97523689?
61, 26209
List the prime factors of 48213784.
2, 6026723
What are the prime factors of 71805135?
3, 5, 1151, 4159
List the prime factors of 35551266.
2, 3, 5925211
What are the prime factors of 37073611?
43, 862177
What are the prime factors of 216995821?
7, 41, 113, 6691
What are the prime factors of 331241050?
2, 5, 7, 41, 563
List the prime factors of 7023463190.
2, 5, 3041, 230959
List the prime factors of 88663998.
2, 3, 14777333
List the prime factors of 100852272.
2, 3, 700363
What are the prime factors of 629384921?
11, 57216811
List the prime factors of 212643887.
212643887
What are the prime factors of 433802268?
2, 3, 12050063
What are the prime factors of 5631186117?
3, 23, 81611393
What are the prime factors of 357901075?
5, 7, 101, 20249
What are the prime factors of 191739112?
2, 23967389
What are the prime factors of 2097405774?
2, 3, 277, 317, 1327
List the prime factors of 51814196.
2, 7, 139, 13313
List the prime factors of 121680957.
3, 211, 192229
List the prime factors of 1205651932.
2, 301412983
What are the prime factors of 978914454?
2, 3, 7, 23, 20681
What are the prime factors of 238418503?
601, 396703
List the prime factors of 1118109538.
2, 7, 13, 179, 4903
What are the prime factors of 5683150893?
3, 7, 270626233
List the prime factors of 30370014.
2, 3, 59, 28597
What are the prime factors of 979079026?
2, 139, 3521867
List the prime factors of 136842457.
79, 179, 9677
What are the prime factors of 112569370?
2, 5, 31, 173, 2099
What are the prime factors of 89671396?
2, 17, 1318697
List the prime factors of 67742718.
2, 3, 11290453
List the prime factors of 92538245.
5, 419, 44171
What are the prime factors of 2187443370?
2, 3, 5, 7, 10416397
List the prime factors of 1406966746.
2, 59, 11923447
What are the prime factors of 390929202?
2, 3, 1913, 11353
What are the prime factors of 25519151?
7, 151, 3449
List the prime factors of 63246089.
63246089
List the prime factors of 921189481.
37, 3469, 7177
List the prime factors of 1605485588.
2, 7, 29, 40351
What are the prime factors of 78950449?
73, 1081513
List the prime factors of 79999639.
8429, 9491
List the prime factors of 674141301.
3, 74904589
List the prime factors of 597800691.
3, 66422299
What are the prime factors of 22610260?
2, 5, 43, 61, 431
List the prime factors of 1234192925.
5, 7, 31, 227501
What are the prime factors of 680888284?
2, 17, 10013063
List the prime factors of 1212872937.
3, 404290979
What are the prime factors of 120008066?
2, 17, 19, 23, 41, 197
What are the prime factors of 1451220490?
2, 5, 1979, 73331
What are the prime factors of 151647185?
5, 30329437
List the prime factors of 980977487.
7, 140139641
List the prime factors of 4665133326.
2, 3, 7, 97, 1145099
List the prime factors of 1130871769.
2213, 511013
What are the prime factors of 1147949216?
2, 97, 369829
What are the prime factors of 175664991?
3, 47, 233, 5347
What are the prime factors of 2006363283?
3, 53, 101, 1237
List the prime factors of 786897897.
3, 877, 299087
List the prime factors of 10405499.
13, 23, 2677
List the prime factors of 1936910094.
2, 3, 7, 46116907
What are the prime factors of 622015452?
2, 3, 17278207
List the prime factors of 761382730.
2, 5, 643, 118411
What are the prime factors of 3508490108?
2, 67, 331, 39551
List the prime factors of 25295572.
2, 307, 20599
What are the prime factors of 608124387?
3, 13, 59, 127, 2081
List the prime factors of 30270372.
2, 3, 11, 229321
What are the prime factors of 304831481?
304831481
List the prime factors of 20569049.
641, 32089
List the prime factors of 22330279.
1487, 15017
List the prime factors of 342782754.
2, 3, 23, 601, 4133
What are the prime factors of 170026761?
3, 157, 467, 773
What are the prime factors of 655871513?
11, 59624683
What are the prime factors of 16171915?
5, 3234383
List the prime factors of 2338170846.
2, 3, 11, 23, 31, 4517
List the prime factors of 24684406.
2, 12342203
What are the prime factors of 4107830?
2, 5, 410783
What are the prime factors of 2059532889?
3, 631, 1087973
List the prime factors of 4289644131.
3, 7699, 185723
List the prime factors of 5767360.
2, 5, 67, 269
List the prime factors of 38324717.
79, 485123
List the prime factors of 200730998.
2, 13, 41, 188303
List the prime factors of 1037160290.
2, 5, 1451, 71479
List the prime factors of 23603534.
2, 11801767
List the prime factors of 31819103.
2111, 15073
What are the prime factors of 1725089978?
2, 79, 1201, 9091
List the prime factors of 585378594.
2, 3, 3463, 9391
List the prime factors of 3850420707.
3, 7, 61117789
What are the prime factors of 12659053?
11, 1150823
What are the prime factors of 25398688?
2, 7, 71, 1597
What are the prime factors of 420912114?
2, 3, 7, 53, 173, 1093
What are the prime factors of 334112295?
3, 5, 11, 293, 6911
List the prime factors of 117611065.
5, 11, 13, 103, 1597
List the prime factors of 244143827.
23, 10614949
What are the prime factors of 656458955?
5, 257, 487, 1049
List the prime factors of 2194155620.
2, 5, 109707781
What are the prime factors of 925272844?
2, 269, 859919
What are the prime factors of 1388575100?
2, 5, 11, 19, 29, 79
What are the prime factors of 92442432?
2, 3, 43, 11197
What are the prime factors of 1870998364?
2, 149, 3139259
List the prime factors of 4922475380.
2, 5, 101, 991, 2459
List the prime factors of 53238157.
7, 1086493
List the prime factors of 1628415379.
1628415379
List the prime factors of 76085416.
2, 11, 137, 6311
List the prime factors of 2909484367.
2347, 1239661
What are the prime factors of 115623334?
2, 4079, 14173
What are the prime factors of 404846142?
2, 3, 61, 1106137
What are the prime factors of 167764820?
2, 5, 2083, 4027
List the prime factors of 166775649.
3, 55591883
List the prime factors of 80147669.
7, 11449667
What are the prime factors of 335087511?
3, 11, 263, 38609
List the prime factors of 138460204.
2, 173, 200087
What are the prime factors of 78169724?
2, 19, 31, 33179
List the prime factors of 282495024.
2, 3, 7, 280253
List the prime factors of 2150671815.
3, 5, 61, 783487
List the prime factors of 189233046.
2, 3, 19, 89, 6217
List the prime factors of 49605807.
3, 16535269
What are the prime factors of 52093350?
2, 3, 5, 115763
What are the prime factors of 111623056?
2, 6976441
What are the prime factors of 240176842?
2, 37, 103, 31511
List the prime factors of 1545836615.
5, 397, 778759
What are the prime factors of 4794641851?
79, 7001, 8669
List the prime factors of 63854094.
2, 3, 991, 10739
What are the prime factors of 3168924417?
3, 117367571
List the prime factors of 582227441.
17, 34248673
What are the prime factors of 70484387?
3607, 19541
List the prime factors of 42290927.
7, 419, 14419
List the prime factors of 204348667.
19, 257, 41849
What are th